posite?
True
Suppose -283467 + 8361 = -26*z. Is z composite?
True
Let g(p) = p**2 + p - 1. Let n(h) = -h**3 - 17*h**2 + 17*h - 1. Let z(l) = g(l) + n(l). Is z(-19) a prime number?
True
Let j = -36 + 39. Is j/(-15) - 27772/(-10) composite?
False
Let c(b) = 894*b**2 - b + 6. Let p be c(-3). Suppose p - 177 = 6*y. Is y a composite number?
True
Suppose -2*d + 3*o + 7568 = -1868, 0 = -3*d - 5*o + 14173. Is d a prime number?
True
Let l(q) = -216*q - 71. Is l(-8) composite?
False
Suppose 0*r + 5*r + 40 = 0. Is (4305 + 1)/(4/r*-4) composite?
False
Suppose -3*y - 528 = -3*d, -2*y + 187 = 3*d - 366. Let w = 258 - d. Is w a composite number?
True
Suppose -40 = 4*r - 4*p, -5*r - 27 = -4*p + 21. Is r/12 + (-617)/(-3) prime?
False
Let q be -46*(4 + (-450)/12). Let a = q - 664. Is a a composite number?
False
Suppose 0 = o + 24 - 140. Let u = o - -6. Suppose -3*x - 3*w = -84, 0 = 4*x - 0*x + 2*w - u. Is x a prime number?
False
Let b be -13 + 7 - 218 - (1 + 0). Let s = b + 402. Is s prime?
False
Let t(l) be the third derivative of -l**6/120 + l**5/30 - l**4/8 - l**3/6 + l**2. Let y be t(7). Is y/6*(-1 + -1) a prime number?
True
Let q be 6/(-9) - 2279/(-3). Let v = 1502 - q. Is v a composite number?
False
Let h(t) be the third derivative of 71*t**5/10 + t**4/12 - t**3/6 - 8*t**2. Let j be h(1). Let d = j + -264. Is d composite?
False
Let m = 1390 + -1076. Is m a composite number?
True
Is 39133 - ((-4)/(-10))/((-4)/40) a prime number?
False
Suppose n = 0, j = -2*n + 5*n - 8. Is (-1)/2 + (-4460)/j prime?
True
Let y = 914 + -413. Is y a prime number?
False
Suppose 0 = -q - 3, -2*d - 3*q = d + 3. Is 371 - (2 - d)/5 a composite number?
True
Suppose r - 2*z + z = 3119, 3*r - 4*z - 9354 = 0. Suppose r = 6*a + a. Is a composite?
True
Suppose -2836 = m - t + 2208, -15139 = 3*m + 4*t. Suppose 0 = 3*g - 2*g - 1, q = -2*g. Is q/(-3) - m/15 prime?
True
Let j be (-1)/((-1)/4) + -2. Suppose -3*a + a + j = -d, 3*a = -d + 13. Suppose 4*o - a*o = c + 89, -c + 97 = o. Is o a composite number?
True
Let d be (2/3)/(22/(-1023)). Let q = 223 - d. Is q composite?
True
Is (-7589)/(-4)*(9 + (8 - 5)) a prime number?
False
Let j be 3 - 2/6*0. Let h be 18/j*(-4)/(-6). Suppose 4*i = -o + 187, -5*i + 224 = h*o - 535. Is o composite?
False
Let q = 4878 - -8735. Is q a prime number?
True
Suppose -2*j - p + 5568 = 0, 50*j + 2*p - 8351 = 47*j. Is j a prime number?
False
Let a = 153 + -1. Let m be (240 - 0)*a/16. Suppose 6*u - 606 - m = 0. Is u a composite number?
True
Suppose -4*k - 5*z + 932 + 489 = 0, 1445 = 4*k - 3*z. Is k a composite number?
False
Suppose 2*r - 3*m = -8*m + 4213, 5*r - 10498 = -m. Is r a composite number?
False
Let p(m) = -m + 13. Let a be p(9). Suppose -48 = -a*q - 3*o - 0*o, 2*o + 28 = 4*q. Is q/18*(1 + 409) a composite number?
True
Let n = 65 + -61. Suppose -n*j - 454 + 3218 = 0. Is j a composite number?
False
Let g(c) = -36*c + 1. Let k(l) = 4*l**3 + 18*l**2 + 9*l + 1. Let p(z) = -z**3 - z**2 + z. Let t(n) = -k(n) - 5*p(n). Let v be t(14). Is g(v) a composite number?
False
Let n(f) = -f**3 - 7*f**2 - 12*f - 23. Let k(z) = z**3 - 5*z. Let q be k(-3). Is n(q) a prime number?
False
Let o = 28 + -31. Let t be (-1)/o - 340/(-15). Is (t/(-4))/(2/(-8)) prime?
True
Suppose -79 - 1 = -3*q - 4*y, y - 98 = -4*q. Suppose 770 = q*n - 10*n. Is n a prime number?
False
Suppose 25000 = 5*k + 4*w + w, -w - 14988 = -3*k. Is k a composite number?
True
Is 310342/22 + 126/231 a composite number?
False
Let m(w) = 13*w**3 - 4*w**2 + 13*w - 47. Is m(5) composite?
False
Let y(m) = 699*m - 85. Is y(26) composite?
False
Let i be -93*(38/(-6) - -3). Suppose 5*b - 1770 = -i. Suppose -3*g + b = v, -1 = 2*g - 3. Is v composite?
True
Let q = -73371 - -111440. Is q a composite number?
False
Suppose f + 4*f = 0. Suppose 2*u = -2, s + 2*s + u - 5 = f. Is s*-1259*4/(-8) a composite number?
False
Let g(f) = 1722*f**2 + f - 4. Let r(l) = -l**2 + l - 1. Let k(t) = g(t) - 3*r(t). Is k(-1) composite?
True
Let s(l) = -71*l + 341. Is s(-16) a prime number?
False
Suppose -45 - 30 = -5*y. Suppose y + 281 = 4*s. Suppose 611 + s = v. Is v composite?
True
Let t be 84/22 + -2 + (-8)/(-44). Suppose -3*g + 279 = 4*d, 2*g - t*d + 7*d = 193. Is g a prime number?
True
Let s = 35 + -30. Suppose 3*c + 1346 = s*c. Is c prime?
True
Suppose -49*u + 165740 = -45*u. Is u composite?
True
Let h(p) = -202*p - 259. Is h(-9) prime?
True
Suppose 6*v + 6 = -6. Is 4/v - (-27*65 + -4) a composite number?
True
Let y(k) = k**2 - 15*k + 18. Let j be y(14). Let o(c) = 3*c**3 - 4*c**2 + 6*c - 7. Is o(j) a prime number?
False
Suppose -251*i + 242*i = -353637. Is i a composite number?
False
Let w(o) = -o + 6. Let t be w(7). Is (-3 - t)*((-1475)/10 - -1) a prime number?
True
Let l be 968/(-24) - 2/3. Let u = 126 + l. Suppose -5*f + 250 = -u. Is f a composite number?
False
Let p = 24260 + -2899. Is p a composite number?
True
Let j(h) = h**2 - 9*h - 1. Let o be j(9). Is ((-1454)/(-2))/((-1)/o) composite?
False
Suppose -66987 + 12157 = -10*i. Is i a composite number?
False
Is (2/3 + 0)*(-620610)/(-20) a composite number?
True
Let w(g) = 2*g + 12. Let a be w(-6). Let y(t) = -5*t**3 + 5*t**2 + 6*t - 6. Let k be y(-5). Suppose a = 5*o - i - k - 596, -2*i = 3*o - 799. Is o composite?
False
Let j(s) = 128*s**2 - 14*s - 3. Is j(8) composite?
True
Let h be (1/(-2)*-8)/(-2). Let a be 0 - (-2 + h)/2. Suppose -6*k + 2*k + 136 = 4*d, a*k + 118 = 4*d. Is d composite?
False
Let u(r) = -9 - 11*r**3 - r + 9*r**3 - r - 6*r**2. Is u(-8) composite?
False
Is (-1)/((-6)/36488*(-22)/(-33)) a composite number?
True
Let n be 4/22 + 172/22. Suppose 4*q - 24 = -n. Suppose q*f - 550 = 4*h - 82, -2*h - 4 = 0. Is f a composite number?
True
Let h(n) = -2*n**3 + 4*n**2 + 4*n + 11. Suppose -26*d + 24*d = 12. Is h(d) a composite number?
False
Let h(a) = a**2 + 14*a - 11. Let j be h(-15). Suppose -161 + 41 = -j*b. Suppose 2*f = -f + b. Is f a composite number?
True
Let z be ((-5)/1)/((-2)/(-2)). Let u(m) = -3*m - 14. Let h be u(z). Is -131*(3/h)/(-3) prime?
True
Let j(m) = -m**3 + 7*m**2 + 2. Let t be j(7). Suppose 2*a + t*a + 32 = 0. Is (1308/a)/(-3)*2 prime?
True
Suppose -2*l + 10948 + 22746 = 0. Is l prime?
False
Suppose 20*u + 6446 = 42*u. Is u a prime number?
True
Suppose -31*i = -43*i + 13368. Is i prime?
False
Suppose 5*j - i - 2204 - 2393 = 0, -2*j - i = -1836. Is j a composite number?
False
Let c(z) = -72*z - 11. Let i(p) = -18*p - 3. Let m(r) = -2*c(r) + 9*i(r). Is m(-2) a prime number?
True
Let o(b) = 3611*b - 379. Is o(6) composite?
True
Let l be (-3)/15 + (-357)/15. Let v = l + 35. Suppose -6*g + v*g = 1115. Is g prime?
True
Let y be (-85)/(-5)*(-3)/(3/(-1)). Let l be (-272)/(-6) + 3/(-9). Let s = y + l. Is s a prime number?
False
Is 8538/8*4/3 a composite number?
False
Suppose -825 + 31365 = 5*q + c, 24446 = 4*q - 2*c. Is q a prime number?
False
Let g(b) be the second derivative of b**5/20 - 7*b**4/12 - 2*b**3 + 13*b**2/2 - 16*b. Is g(11) a prime number?
False
Suppose 57 - 156 = -9*h. Suppose h*s = 16*s - 745. Is s prime?
True
Let j(p) be the second derivative of p**5/20 - p**4/12 + p**3/6 + 259*p**2/2 - 3*p. Let x be j(0). Suppose -x = -3*o + 2*o. Is o a composite number?
True
Let k = 2 - 0. Let h(q) = q - q + 6*q + 13*q**2 - k. Is h(-5) a prime number?
True
Let n(h) = -9*h + 979. Suppose -g + 2*z + z = -12, -20 = 2*g + 5*z. Is n(g) a composite number?
True
Let c(x) = 7 - 2 + x + 7*x - 4*x**2 - x**3. Let d be c(-5). Let l(f) = -f**3 - 8*f**2 + 6*f + 5. Is l(d) composite?
True
Let d be (-8)/(-36) + 1418/18. Suppose 4*c - 20 = -3*o - 2*o, o + 3*c = 15. Suppose o*u = u - d. Is u a composite number?
False
Let s be ((-49476)/54 + (-4)/(-18))*-1. Let z = s + 1519. Is z a composite number?
True
Suppose -3*d + d + 4 = 0. Suppose 2*u = -5*n + 2439, -d*u + 3*u - 2 = 0. Is n a composite number?
False
Let a be ((-2)/4)/1*-10. Suppose 0 = 5*c + a*h - 25, -h - 1 = -2*c - 0. Suppose -17 = -c*z + 5. Is z prime?
True
Let r = 873 + -433. Is 1 - 7/((-35)/r) a composite number?
False
Suppose -5*x - 4*j + 35573 = 0, 0 = -6*x + 8*x - 5*j - 14249. Is x a prime number?
False
Is (-70)/28 + 7371/2 prime?
False
Suppose 4*z = 4*a + 17028, -3*a - 1771 - 2482 = -z. Is z a composite number?
False
Let u be 33/(-6)*(3 + -9). Let i = 3 - u. Let b = i + 43. Is b a prime number?
True
Let i = 1016 - 